{"id":1022,"date":"2020-01-24T14:25:27","date_gmt":"2020-01-24T12:25:27","guid":{"rendered":"http:\/\/www.upi.fi\/?page_id=1022"},"modified":"2026-03-16T09:44:56","modified_gmt":"2026-03-16T07:44:56","slug":"etusivu","status":"publish","type":"page","link":"https:\/\/www.upi.fi\/","title":{"rendered":"TERVETULOA UPI RY:N KOTISIVUILLE!"},"content":{"rendered":"<p>UPI ry on suur-Helsingin alueella toimiva ty\u00f6paikkaliikuntayhteis\u00f6, joka j\u00e4rjest\u00e4\u00e4 j\u00e4senist\u00f6lleen kilpailutoimintaa useissa eri liikuntalajeissa.<\/p>\n<p>UPI:n j\u00e4seneksi p\u00e4\u00e4sev\u00e4t kaikki alueen yritykset ja niiden ty\u00f6ntekij\u00e4t. UPI:n hallinto ja toiminta ovat t\u00e4ysin j\u00e4senist\u00f6ns\u00e4 k\u00e4siss\u00e4. P\u00e4\u00e4t\u00f6ksenteko on joustavaa ja riippumatonta.<\/p>\n<p>UPI:lla on meneill\u00e4\u00e4n <strong>101<\/strong>. toimintavuosi. Laaja lajivalikoima on vuosikymmenien ajan edist\u00e4nyt ty\u00f6ik\u00e4isten liikunnan harrastusta.<\/p>\n<p><center><iframe style=\"border: none; overflow: hidden; width: 550px; height: 720px;\" src=\"\/\/www.facebook.com\/plugins\/likebox.php?href=https%3A%2F%2Fwww.facebook.com%2Fpages%2FUpi-ry%2F404738359587044&amp;width=550&amp;height=720&amp;show_faces=false&amp;colorscheme=light&amp;stream=true&amp;border_color&amp;header=false\" frameborder=\"0\" scrolling=\"no\"><\/iframe><\/center><\/p>\n","protected":false},"excerpt":{"rendered":"<p>UPI ry on suur-Helsingin alueella toimiva ty\u00f6paikkaliikuntayhteis\u00f6, joka j\u00e4rjest\u00e4\u00e4 j\u00e4senist\u00f6lleen kilpailutoimintaa useissa eri liikuntalajeissa. UPI:n j\u00e4seneksi p\u00e4\u00e4sev\u00e4t kaikki alueen yritykset ja niiden ty\u00f6ntekij\u00e4t. UPI:n hallinto ja toiminta ovat t\u00e4ysin j\u00e4senist\u00f6ns\u00e4 k\u00e4siss\u00e4. P\u00e4\u00e4t\u00f6ksenteko on joustavaa ja riippumatonta. UPI:lla on meneill\u00e4\u00e4n 101. toimintavuosi. Laaja lajivalikoima on vuosikymmenien ajan edist\u00e4nyt ty\u00f6ik\u00e4isten liikunnan harrastusta.<\/p>\n","protected":false},"author":1,"featured_media":0,"parent":0,"menu_order":1,"comment_status":"closed","ping_status":"closed","template":"","meta":{"footnotes":""},"class_list":["post-1022","page","type-page","status-publish","hentry"],"_links":{"self":[{"href":"https:\/\/www.upi.fi\/index.php?rest_route=\/wp\/v2\/pages\/1022","targetHints":{"allow":["GET"]}}],"collection":[{"href":"https:\/\/www.upi.fi\/index.php?rest_route=\/wp\/v2\/pages"}],"about":[{"href":"https:\/\/www.upi.fi\/index.php?rest_route=\/wp\/v2\/types\/page"}],"author":[{"embeddable":true,"href":"https:\/\/www.upi.fi\/index.php?rest_route=\/wp\/v2\/users\/1"}],"replies":[{"embeddable":true,"href":"https:\/\/www.upi.fi\/index.php?rest_route=%2Fwp%2Fv2%2Fcomments&post=1022"}],"version-history":[{"count":33,"href":"https:\/\/www.upi.fi\/index.php?rest_route=\/wp\/v2\/pages\/1022\/revisions"}],"predecessor-version":[{"id":3386,"href":"https:\/\/www.upi.fi\/index.php?rest_route=\/wp\/v2\/pages\/1022\/revisions\/3386"}],"wp:attachment":[{"href":"https:\/\/www.upi.fi\/index.php?rest_route=%2Fwp%2Fv2%2Fmedia&parent=1022"}],"curies":[{"name":"wp","href":"https:\/\/api.w.org\/{rel}","templated":true}]}}